-21) prime?
True
Suppose 3*w - 11 = 7. Is (0 - w/4)/(6/(-5384)) a composite number?
True
Suppose -5*y + y + 16 = 4*x, 0 = -4*x + y + 26. Let l = -2 + x. Suppose 2*z - 149 = 4*p + 141, 0 = z - l*p - 141. Is z a prime number?
True
Let i(x) = x**3 - 25*x**2 - 27*x + 28. Let d be i(26). Suppose 0 = -d*q + 222 + 572. Is q prime?
True
Is (6/4)/(-3)*(2 - 3604) prime?
True
Let h = -43 + 47. Is 409 + (-1)/2*h composite?
True
Let f = 16244 - 793. Is f a composite number?
False
Let f(w) = 21*w**2 - 5*w - 9. Let k be f(-4). Suppose -5*y + 10092 = k. Is y prime?
True
Let a(q) = 3*q**2 - 31*q + 49. Is a(14) a composite number?
True
Let s be (6*114)/1*(-2)/(-3). Suppose -2*o = 5*b - 1846, 2*o + 2*b - 2290 = -s. Is o a composite number?
True
Suppose c - 3624 = -c. Suppose 0 = 4*t - f - 999 + 2453, 5*t = 4*f - c. Let u = 999 + t. Is u a composite number?
True
Let u(b) = 2*b**3 + 4*b**2 + b - 4. Suppose 2*q - 8 = -2*q. Suppose 22 = 4*x + q*c, -26 = 4*x - 6*x - 4*c. Is u(x) a composite number?
False
Suppose 0 = -0*h + 2*h - 6. Suppose -6*j = -h*j - 2235. Is j composite?
True
Suppose 0 = 5*c - 23221 - 3084. Is c a prime number?
True
Let s = 34372 - 19713. Is s a composite number?
True
Let l = 3674 - -1932. Suppose q - 1393 = -3*s, l = -2*q + 6*q - 5*s. Is q a prime number?
True
Let u be 12/12 - ((-1 - 1) + 1). Is 353*(u - 6 - -7) a prime number?
False
Suppose 0*x + t = 3*x - 7, -14 = -2*x + 3*t. Let o(s) = 81*s**2 + s - 10. Let a(u) = 80*u**2 + u - 12. Let d(q) = -5*a(q) + 6*o(q). Is d(x) a composite number?
True
Let d = -20 - -60. Is 35064/d + 4/10 prime?
True
Suppose -2*d = -7*j + 2*j - 129308, -5*j = 5*d - 323235. Is d composite?
True
Let l(s) = 341*s - 128. Is l(17) prime?
True
Let l be ((-5)/(15/(-6)))/((-4)/(-4344)). Let z = -811 + l. Is z a prime number?
True
Let o = -236809 - -401960. Is o prime?
False
Suppose 4*y = 5*y + 8. Let a = y - -14. Is (-1)/a - 2491/(-6) a prime number?
False
Suppose 127648 = 3*r + 29*r. Is r a composite number?
False
Suppose -v + 3285 = -6*v. Let f = v + 939. Suppose -5*c - f + 1387 = 5*y, -y = 2. Is c a composite number?
False
Suppose 6*i - 2493 = 12981. Is i a prime number?
True
Suppose 4*d + 73822 = 2*p, -15*d = -3*p - 12*d + 110736. Is p a composite number?
False
Suppose -3813 = -5*d - 4*g, 3*g + 2*g = 10. Let b = d + -301. Suppose -219 = -u + b. Is u a prime number?
False
Suppose 21*r - 446549 = 126142. Is r prime?
True
Let w be 10*11/(-55)*41*-2. Suppose -f + w = -303. Is f prime?
True
Suppose -25 = -5*v, -2*b = 3*b - 2*v - 10. Let f be 318/b*(-16)/12. Is -3*(-1)/((-6)/f) a composite number?
False
Suppose u + 4 = 9, 2*u + 40455 = j. Is j prime?
False
Suppose 0 = -9*j + 3*j - 96. Let v be (0*(-4)/j)/1. Suppose -s - 227 + 616 = v. Is s prime?
True
Let k = 22 + -10. Suppose 10*l = 7*l + k. Suppose 65 = 3*v + 4*p, -23 = l*v + 5*p - 109. Is v a composite number?
False
Suppose -46*q + 3*q + 858151 = 0. Is q composite?
True
Let y(q) be the second derivative of -19*q**5 + q**3/2 + q**2 + 25*q. Is y(-1) composite?
False
Let m = -21 - -17. Let i be m/14 - 64/(-28). Suppose i*u - 144 - 226 = 0. Is u a prime number?
False
Let c be (2 - 1)*(-1 + 4) - -2. Suppose 1220 - 165 = c*u. Is u a composite number?
False
Let d = 30 + -28. Let b be d/(-6) - 140/(-60). Let r(p) = 110*p**3 + 4*p**2 - 5*p + 3. Is r(b) composite?
True
Suppose -31 = -5*c - 21, -4*a + 7898 = 3*c. Is a composite?
False
Let r be -248*(-4 + 2 + -27). Let n = r - 2997. Is n a composite number?
True
Let u(x) = -274*x - 567. Is u(-14) a prime number?
False
Let q(u) = -33*u**3 - u**2. Let j be q(1). Let b = j - -31. Is b/((-3)/145) + -2 prime?
False
Suppose -4*a + 443 - 3671 = 0. Let o = -361 - a. Is o a prime number?
False
Suppose -35*t + 38*t - 59079 = 0. Is t composite?
True
Let n be -3*(32/(-6) + 0). Let z be 8 + -9 - (1 - n). Let t = 47 - z. Is t composite?
True
Let t(x) = 4*x**2 + 7*x + 10. Let j(y) = y**2 + 2*y - 2. Let z be j(-3). Suppose z + 6 = -h. Is t(h) prime?
True
Let t(r) = 21*r**3 + 2*r**2 - 9*r - 1. Is t(3) prime?
True
Let k(h) = h**3 - 11*h**2 - 14*h + 91. Is k(16) a prime number?
False
Suppose 2*t - 70 = -12. Let m = t + 1. Is (-1)/5 - (-11826)/m a composite number?
True
Let j = -2 - -3. Let x(s) = 25*s + 1. Let w be x(j). Suppose 0 = 5*m + w - 2431. Is m a composite number?
True
Let h = -74 - -78. Suppose -2*o + 162 = 4*w - 5*o, -h*w - 5*o + 146 = 0. Is w a prime number?
False
Suppose -7 = -2*x + 3. Suppose -3*c - x*v - 155 = -1172, 0 = -v. Is c composite?
True
Suppose -33*o + 7098053 = 10*o. Is o prime?
False
Let h(u) = -3193*u**3 - 3*u**2 - 4*u - 3. Is h(-1) a composite number?
False
Let f be (230/(-15))/(4/(-162)). Let k be (-39)/(-13) + -1 + -4*4. Let m = f - k. Is m a prime number?
False
Let g(r) = 8*r**3 - 21*r**2 - 4*r - 118. Is g(17) composite?
False
Let t(f) = -89*f + 2*f - 1 - 11*f. Is t(-3) a prime number?
True
Let d be (-6)/8 + 75/20. Suppose 21 - 3 = -d*u. Is u/4 - 745/(-2) composite?
True
Let t(h) = h - 23. Let a be t(8). Is (-10)/a - 6158/(-6) a prime number?
False
Let s = 26 - -12. Suppose 0 = 5*l - 28 + s. Is 184/6 - l/6 composite?
False
Let g = 1579 - 468. Suppose -3*m - 2*c = -g, -c = 2*m - 4*m + 743. Is m composite?
True
Let q(x) = -x**3 - 3*x**2 + 2*x + 4. Let z be q(-3). Let l be 1 - -1 - (z - -2). Suppose l*f = 5*f - 201. Is f a composite number?
False
Let u = -5 - -7. Suppose u*o - 2521 = 5*j - 4*j, o - 5*j - 1256 = 0. Is o prime?
False
Suppose -p + 6*y = 841 - 4620, 0 = -3*p + y + 11286. Is p a prime number?
True
Suppose 80*s = 69*s + 23749. Is s a prime number?
False
Let j be 14/70 - 48/(-10). Suppose -o - j*d + 6796 - 1887 = 0, -5*o - 4*d = -24545. Is o composite?
False
Suppose 0*x - 100 = 4*b - 4*x, 5*x = -3*b - 35. Is -20*(-3 + 1195/b) prime?
False
Suppose 0 = 4*w - 0*t + 4*t - 54088, -3*t = 2*w - 27049. Is w a composite number?
True
Suppose -16*y = -2*y - 638218. Is y prime?
True
Let k be (4 - (-88)/(-20))/((-1)/5). Suppose -3*m - z = -1583, -5*m + k*z = -0*z - 2620. Is m a prime number?
False
Let r(c) = -875*c**3 - c**2 + 5*c + 13. Is r(-2) a composite number?
True
Let c = -15 - -15. Suppose c*m - 4 = -2*m. Suppose -m*h + 9 = -43. Is h a prime number?
False
Suppose -c = -3, -c = -p - 3*c + 8. Let d be (3 - (-2 + 1))*1. Suppose d*a - 108 = -p*z + 146, 2*z = 4*a + 254. Is z a prime number?
True
Let v = -18 + 53. Let b = v + -32. Suppose -5*j + 152 = b*j. Is j composite?
False
Let t be (-6 + 3)*(-3 - -2). Suppose 3*i = -t*i + 24132. Is i composite?
True
Let m(j) = j**3 - 2*j**2 + 4*j + 5. Let f be 6 + ((-4)/(-1))/(-2). Is m(f) a prime number?
True
Is 17326*(1 - -3)/8 prime?
True
Suppose 7*f + 15330 - 41993 = 0. Is f prime?
False
Is (5/10)/(5/33890) prime?
True
Let w = -3186 + 266. Let g = -1665 - w. Is g prime?
False
Let b(i) = -3*i + 5*i + 14*i**2 + 24 + 7*i. Is b(-7) composite?
False
Let x(s) = 9*s**2 - 8*s - 13. Is x(-10) a prime number?
True
Let m(y) = -4 + 2*y - 10*y**2 + 22*y**2 + 0*y + 9*y**2. Suppose -4*o + 4*f = 4, 2*o + 4*f - 9 = 13. Is m(o) composite?
False
Is (36/27 + -1)*1959 composite?
False
Suppose -2*p + 5*p = -9. Let c be 0 + 3/p - -159. Let a = c + -91. Is a prime?
True
Let d = 25093 + -17100. Is d composite?
False
Suppose 8*h - 4*h = -16. Let o(j) = -j**3 + 4*j**2 - 2*j - 11. Let y(s) = s**2 + s. Let f(r) = h*y(r) - o(r). Is f(10) prime?
True
Let n be (-2)/10 + (-138)/10. Is (-11)/(231/(-6)) + (-2026)/n composite?
True
Let w = -183460 + 299283. Is w composite?
False
Suppose -2*p + 326 + 62 = 0. Let g = p + -67. Is g a prime number?
True
Suppose 0 = 2*g - 8, -3*k + 18740 = 4*g + 1303. Is k prime?
True
Let j = 6882 - 4723. Is j prime?
False
Let i(d) = 2*d - 12. Let n be i(6). Suppose -4*m + n*m = -1348. Is m a prime number?
True
Let z(s) be the second derivative of -s**7/84 - s**6/360 - s**5/120 + s**4/8 - s**3/6 - 7*s. Let r(y) be the second derivative of z(y). Is r(-3) prime?
False
Suppose -3*p - 23 = 10. Let d(y) be the third derivative of y**6/120 + y**5/5 - 3*y**4/8 + y**3/2 - 15*y**2. Is d(p) composite?
False
Let g = 13492 + -7532. Suppose -l = 7*l - g. Suppose 4*m + m = l. Is m a prime number?
True
Let b = -10 - -12. Suppose 0 = k + b*c - 140, k - 2*k + 137 = 3*c. Suppose -68 = -2*p - 4*y, k = -p + 5*p + 3*y. Is p a composite number?
True
Suppose -13058 = -17*g + 24053. Is g a composite number?
True
L